{"id":1086,"date":"2020-08-29T21:32:18","date_gmt":"2020-08-29T20:32:18","guid":{"rendered":"https:\/\/skolkajasenna.cz\/?page_id=1086"},"modified":"2023-09-18T10:41:34","modified_gmt":"2023-09-18T09:41:34","slug":"povinne-zobrazovane-udaje","status":"publish","type":"page","link":"https:\/\/skolkajasenna.cz\/?page_id=1086","title":{"rendered":"Povinn\u011b zobrazovan\u00e9 \u00fadaje"},"content":{"rendered":"<p><strong>Povinn\u011b zve\u0159ej\u0148ovan\u00e9 informace<\/strong><\/p>\n<p>Povinn\u011b zve\u0159ej\u0148ovan\u00e9 informace podle vyhl\u00e1\u0161ky \u010d.\u00a0<a href=\"https:\/\/www.zakonyprolidi.cz\/cs\/2006-442\"><strong>442\/2006 Sb.<\/strong><\/a>, kter\u00e1 stanov\u00ed strukturu informac\u00ed zve\u0159ej\u0148ovan\u00fdch o\u00a0povinn\u00e9m subjektu dle \u00a7 5\u00a0odst. 1\u00a0a\u00a02\u00a0z\u00e1kona \u010d.\u00a0<a href=\"https:\/\/www.zakonyprolidi.cz\/cs\/1999-106\"><strong>106\/1999 Sb.<\/strong><\/a>, o\u00a0svobodn\u00e9m p\u0159\u00edstupu k\u00a0informac\u00edm, ve\u00a0zn\u011bn\u00ed pozd\u011bj\u0161\u00edch p\u0159edpis\u016f.<\/p>\n<p><strong>1. N\u00e1zev<\/strong><\/p>\n<p>Mate\u0159sk\u00e1 \u0161kola Jasenn\u00e1, okres Zl\u00edn, p\u0159\u00edsp\u011bvkov\u00e1 organizace<\/p>\n<p><strong>2. D\u016fvod a\u00a0zp\u016fsob zalo\u017een\u00ed<\/strong><\/p>\n<p>Z\u0159izovatel: Obec Jasenn\u00e1<\/p>\n<p><strong>3. Organiza\u010dn\u00ed struktura<\/strong><\/p>\n<p>Mate\u0159sk\u00e1 \u0161kola Jasenn\u00e1, okres Zl\u00edn, p\u0159\u00edsp\u011bvkov\u00e1 organizace<\/p>\n<p><strong>4. Kontaktn\u00ed spojen\u00ed<\/strong><\/p>\n<p><strong><em>4.1 Kontaktn\u00ed po\u0161tovn\u00ed adresa<\/em><\/strong><\/p>\n<p>Mate\u0159sk\u00e1 \u0161kola Jasenn\u00e1, okres Zl\u00edn<br \/>\nJasenn\u00e1 255<br \/>\n763 12 Vizovice<\/p>\n<p><strong><em>4.2\u00a0Adresa \u00fa\u0159adovny pro\u00a0osobn\u00ed n\u00e1v\u0161t\u011bvu<\/em><\/strong><\/p>\n<p>Mate\u0159sk\u00e1 \u0161kola Jasenn\u00e1, okres Zl\u00edn<br \/>\nJasenn\u00e1 255<br \/>\n763 12 Vizovice<\/p>\n<p><strong><em>4.3 \u00da\u0159edn\u00ed hodiny<\/em><\/strong><\/p>\n<p>\u00dater\u00fd &#8211; \u00a0 12:00 &#8211; 15:00 hod.<\/p>\n<p><strong><em>4.4 Telefonn\u00ed \u010d\u00edsla<\/em><\/strong><\/p>\n<p>\u0158editelna: 773607121<\/p>\n<p><strong><em>4.6 Adresa internetov\u00e9 str\u00e1nky<\/em><\/strong><\/p>\n<p>https:\/\/skolkajasenna.cz\/<\/p>\n<p><strong><em>4.7 Adresa e-podatelny<\/em><\/strong><\/p>\n<p>skolka.jasenna@seznam.cz<\/p>\n<p><strong><em>4.8 RED IZO<\/em><\/strong><\/p>\n<p><strong>600113329<\/strong><\/p>\n<p><strong><em>4.9\u00a0Datov\u00e1 schr\u00e1nka<\/em><\/strong><\/p>\n<p>7v94gmn<\/p>\n<p><strong>5. P\u0159\u00edpadn\u00e9 platby lze pouk\u00e1zat<\/strong><\/p>\n<p>\u010c\u00edslo \u00fa\u010dtu: 181714634\/0300<\/p>\n<p><strong>6. I\u010c<\/strong><\/p>\n<p>70981230<\/p>\n<p><strong>7. DI\u010c<\/strong><\/p>\n<p>Nejsme pl\u00e1tci DPH<\/p>\n<p><strong>8. Dokumenty<\/strong><\/p>\n<p><strong><em>8.1 Seznamy hlavn\u00edch dokument\u016f<\/em><\/strong><\/p>\n<p>\u0160koln\u00ed vzd\u011bl\u00e1vac\u00ed program \u2013 k\u00a0dispozici v\u00a0\u0159editeln\u011b \u0161koly<\/p>\n<p><strong><em>8.2 Rozpo\u010det<\/em><\/strong><\/p>\n<p>Rozpo\u010det pro\u00a0rok 2020 je uveden\u00a0<a title=\"Soubor: schvaleny_rozpocet_na_rok_2019.pdf, Typ: Adobe Portable Document Format, Velikost: 197.06 kB\" href=\"https:\/\/skolkajasenna.cz\/wp-content\/uploads\/2020\/03\/Rozpo\u010det-2020-pro-obec.odt\" target=\"_blank\" rel=\"noopener\"><strong>ZDE<\/strong><\/a>.<\/p>\n<p>Rozpo\u010det pro\u00a0rok 2021 je uveden\u00a0<a title=\"Soubor: schvaleny_rozpocet_na_rok_2019.pdf, Typ: Adobe Portable Document Format, Velikost: 197.06 kB\" href=\"https:\/\/skolkajasenna.cz\/wp-content\/uploads\/2021\/02\/ROzpo\u010det-M\u0160-na-rok-2021.odt\" target=\"_blank\" rel=\"noopener\"><strong>ZDE<\/strong><\/a>.<\/p>\n<p><strong>9. \u017d\u00e1dosti o\u00a0informace<\/strong><br \/>\nInformace lze \u017e\u00e1dat v\u00a0\u0159editeln\u011b \u0161koly v\u00a0\u00fa\u0159edn\u00edch hodin\u00e1ch.<\/p>\n<p><strong>10. P\u0159\u00edjem \u017e\u00e1dost\u00ed a\u00a0dal\u0161\u00edch pod\u00e1n\u00ed<\/strong><br \/>\nP\u0159\u00edjem \u017e\u00e1dost\u00ed a\u00a0dal\u0161\u00edch pod\u00e1n\u00ed lze prov\u00e9st v\u00a0kancel\u00e1\u0159i \u0161koly v\u00a0\u00fa\u0159edn\u00edch hodin\u00e1ch.<\/p>\n<p><a title=\"Soubor: Postup_pri_podani.pdf, Typ: Adobe Portable Document Format, Velikost: 336.22 kB\" href=\"https:\/\/skolkajasenna.cz\/wp-content\/uploads\/2019\/04\/Sm\u011brnice-k-z\u00e1pisu-do-M\u0160-pro-\u0161koln\u00ed-rok-2019-2020.docx\" target=\"_blank\" rel=\"noopener\"><strong>Postup p\u0159i\u00a0pod\u00e1n\u00ed<\/strong><\/a><\/p>\n<p><strong>11. Opravn\u00e9 prost\u0159edky<\/strong><br \/>\nLze podat p\u00edsemn\u011b v\u00a0\u0159editeln\u011b \u0161koly nebo pomoc\u00ed datov\u00e9 schr\u00e1nky.<\/p>\n<p><strong>12. Formul\u00e1\u0159e ke\u00a0sta\u017een\u00ed<\/strong><\/p>\n<p><strong>Eviden\u010dn\u00ed list pro\u00a0d\u00edt\u011b v\u00a0M\u0160 &#8211;\u00a0<\/strong><a href=\"https:\/\/skolkajasenna.cz\/wp-content\/uploads\/2020\/08\/matri\u010dn\u00ed-list-d\u00edt\u011bte-2020-2021.odt\">zde<\/a><\/p>\n<p><strong>13. Popisy postup\u016f &#8211; n\u00e1vody pro\u00a0\u0159e\u0161en\u00ed \u017eivotn\u00edch situac\u00ed<\/strong><\/p>\n<p><a href=\"https:\/\/portal.gov.cz\/obcan\/zivotni-situace\/vzdelani-veda-a-vyzkum\/zakladni-skoly\"><strong>Platn\u00e9 a\u00a0\u00fa\u010dinn\u00e9 zn\u011bn\u00ed spr\u00e1vn\u00edho \u0159\u00e1du na\u00a0port\u00e1lu ve\u0159ejn\u00e9 spr\u00e1vy<\/strong><\/a><\/p>\n<p><strong>14. P\u0159edpisy<\/strong><\/p>\n<p><strong><em>14.1 Nejd\u016fle\u017eit\u011bj\u0161\u00ed pou\u017e\u00edvan\u00e9 p\u0159edpisy<\/em><\/strong><\/p>\n<p><a href=\"https:\/\/www.zakonyprolidi.cz\/cs\/2004-561\"><strong>Z\u00e1kon \u010d.\u00a0561\/2004 Sb.<\/strong><\/a><\/p>\n<p><a href=\"https:\/\/www.zakonyprolidi.cz\/cs\/2004-563\"><strong>Z\u00e1kon \u010d.\u00a0563\/2004 Sb.<\/strong><\/a><\/p>\n<p><a href=\"https:\/\/www.zakonyprolidi.cz\/cs\/2004-500\"><strong>Z\u00e1kon \u010d.\u00a0500\/2004 Sb.<\/strong><\/a><\/p>\n<p><a href=\"https:\/\/www.zakonyprolidi.cz\/cs\/2000-250\"><strong>Z\u00e1kon \u010d.\u00a0250\/2000 Sb.<\/strong><\/a><\/p>\n<p><a href=\"https:\/\/www.zakonyprolidi.cz\/cs\/2005-48\"><strong>Vyhl\u00e1\u0161ka \u010d.\u00a048\/2005 Sb.<\/strong><\/a><\/p>\n<p><a href=\"https:\/\/www.zakonyprolidi.cz\/cs\/2005-74\"><strong>Vyhl\u00e1\u0161ka \u010d.\u00a074\/2005 Sb.<\/strong><\/a><\/p>\n<p><a href=\"https:\/\/www.zakonyprolidi.cz\/cs\/2005-107\"><strong>Vyhl\u00e1\u0161ka \u010d.\u00a0107\/2005 Sb.<\/strong><\/a><\/p>\n<p><a name=\"_GoBack\"><\/a><\/p>\n<p><strong>15. \u00dahrady za\u00a0poskytov\u00e1n\u00ed informac\u00ed<\/strong><br \/>\n<strong><em>15.1 Sazebn\u00edk \u00fahrad za\u00a0poskytov\u00e1n\u00ed informac\u00ed<\/em><\/strong><\/p>\n<p>Informace jsou poskytov\u00e1ny zdarma.<\/p>\n<p><strong>17. V\u00fdro\u010dn\u00ed zpr\u00e1va podle z\u00e1kona \u010d.\u00a0106\/1999 Sb.<\/strong><\/p>\n<p><a href=\"https:\/\/skolkajasenna.cz\/wp-content\/uploads\/2021\/02\/V\u00fdro\u010dn\u00ed-zpr\u00e1va-Mate\u0159sk\u00e9-\u0161koly-Jasenn\u00e1-2020.docx\">V\u00fdro\u010dn\u00ed zpr\u00e1va M\u0160 Jasenn\u00e1 2020<\/a><\/p>\n","protected":false},"excerpt":{"rendered":"<p>Povinn\u011b zve\u0159ej\u0148ovan\u00e9 informace Povinn\u011b zve\u0159ej\u0148ovan\u00e9 informace podle vyhl\u00e1\u0161ky \u010d.\u00a0442\/2006 Sb., kter\u00e1 stanov\u00ed strukturu informac\u00ed zve\u0159ej\u0148ovan\u00fdch o\u00a0povinn\u00e9m subjektu dle \u00a7 5\u00a0odst. 1\u00a0a\u00a02\u00a0z\u00e1kona \u010d.\u00a0106\/1999 Sb., o\u00a0svobodn\u00e9m p\u0159\u00edstupu k\u00a0informac\u00edm, ve\u00a0zn\u011bn\u00ed pozd\u011bj\u0161\u00edch p\u0159edpis\u016f. 1. N\u00e1zev Mate\u0159sk\u00e1 \u0161kola Jasenn\u00e1, okres Zl\u00edn, p\u0159\u00edsp\u011bvkov\u00e1 organizace 2. D\u016fvod a\u00a0zp\u016fsob zalo\u017een\u00ed Z\u0159izovatel: Obec Jasenn\u00e1 3. Organiza\u010dn\u00ed struktura Mate\u0159sk\u00e1 \u0161kola Jasenn\u00e1, okres Zl\u00edn, p\u0159\u00edsp\u011bvkov\u00e1 organizace [&hellip;]<\/p>\n","protected":false},"author":1,"featured_media":0,"parent":0,"menu_order":0,"comment_status":"closed","ping_status":"closed","template":"","meta":[],"_links":{"self":[{"href":"https:\/\/skolkajasenna.cz\/index.php?rest_route=\/wp\/v2\/pages\/1086"}],"collection":[{"href":"https:\/\/skolkajasenna.cz\/index.php?rest_route=\/wp\/v2\/pages"}],"about":[{"href":"https:\/\/skolkajasenna.cz\/index.php?rest_route=\/wp\/v2\/types\/page"}],"author":[{"embeddable":true,"href":"https:\/\/skolkajasenna.cz\/index.php?rest_route=\/wp\/v2\/users\/1"}],"replies":[{"embeddable":true,"href":"https:\/\/skolkajasenna.cz\/index.php?rest_route=%2Fwp%2Fv2%2Fcomments&post=1086"}],"version-history":[{"count":11,"href":"https:\/\/skolkajasenna.cz\/index.php?rest_route=\/wp\/v2\/pages\/1086\/revisions"}],"predecessor-version":[{"id":1915,"href":"https:\/\/skolkajasenna.cz\/index.php?rest_route=\/wp\/v2\/pages\/1086\/revisions\/1915"}],"wp:attachment":[{"href":"https:\/\/skolkajasenna.cz\/index.php?rest_route=%2Fwp%2Fv2%2Fmedia&parent=1086"}],"curies":[{"name":"wp","href":"https:\/\/api.w.org\/{rel}","templated":true}]}}