{"id":1271,"date":"2021-04-12T23:13:37","date_gmt":"2021-04-12T22:13:37","guid":{"rendered":"https:\/\/skolkajasenna.cz\/?page_id=1271"},"modified":"2026-02-17T11:42:40","modified_gmt":"2026-02-17T10:42:40","slug":"dokumenty","status":"publish","type":"page","link":"https:\/\/skolkajasenna.cz\/?page_id=1271","title":{"rendered":"Dokumenty"},"content":{"rendered":"\n<p>Seznam dokument\u016f ke sta\u017een\u00ed:<\/p>\n\n\n\n<div class=\"wp-block-file\"><a href=\"https:\/\/skolkajasenna.cz\/wp-content\/uploads\/2026\/02\/ZADOST-O-PRIJETI-K-PREDSKOLNIMU-VZDELAVANI-2026-2027.pdf\">\u017d\u00c1DOST O P\u0158IJET\u00cd K P\u0158ED\u0160KOLN\u00cdMU VZD\u011aL\u00c1V\u00c1N\u00cd 2026-2027<\/a><a href=\"https:\/\/skolkajasenna.cz\/wp-content\/uploads\/2026\/02\/ZADOST-O-PRIJETI-K-PREDSKOLNIMU-VZDELAVANI-2026-2027.pdf\" class=\"wp-block-file__button\" download>St\u00e1hnout<\/a><\/div>\n\n\n\n<ul><li>z\u00e1pis d\u011bt\u00ed do M\u0160<ul><li><a href=\"https:\/\/skolkajasenna.cz\/wp-content\/uploads\/2024\/04\/Zadost-o-prijeti-ditete-k-predskolnimu-vzdelavani-na-rok-2024-2025.docx\">2024\/2025<\/a><\/li><li><a href=\"https:\/\/skolkajasenna.cz\/wp-content\/uploads\/2023\/04\/ZADOST-O-PRIJETI-DITETE-K-PREDSKOLNIMU-VZDELAVANI-2023-2024.pdf\">2023\/2024<\/a><\/li><li><a href=\"https:\/\/skolkajasenna.cz\/wp-content\/uploads\/2022\/04\/ZADOST-O-PRIJETI-DITETE-2022-2023.pdf\">2022\/2023<\/a><\/li><li><a href=\"https:\/\/skolkajasenna.cz\/wp-content\/uploads\/2016\/08\/\u017d\u00c1DOST-O-P\u0158IJET\u00cd-D\u00cdT\u011aTE-2021-2022.docx\" data-type=\"URL\" data-id=\"https:\/\/skolkajasenna.cz\/wp-content\/uploads\/2016\/08\/\u017d\u00c1DOST-O-P\u0158IJET\u00cd-D\u00cdT\u011aTE-2021-2022.docx\">2021\/2022<\/a><\/li><\/ul><\/li><\/ul>\n\n\n\n<div class=\"wp-block-file\"><a href=\"https:\/\/skolkajasenna.cz\/wp-content\/uploads\/2023\/04\/elektronicky-predzapis-2025-2026.pdf\">Elektronick\u00fd p\u0159edz\u00e1pis 2025-2026<\/a><a href=\"https:\/\/skolkajasenna.cz\/wp-content\/uploads\/2023\/04\/elektronicky-predzapis-2025-2026.pdf\" class=\"wp-block-file__button\" download>St\u00e1hnout<\/a><\/div>\n\n\n\n<div class=\"wp-block-group is-layout-flow\"><div class=\"wp-block-group__inner-container\"><\/div><\/div>\n\n\n\n<ul><li><a href=\"https:\/\/skolkajasenna.cz\/wp-content\/uploads\/2021\/08\/matricni-list-ditete-2021-2022.odt\">matri\u010dn\u00ed list<\/a><\/li><li><a href=\"https:\/\/skolkajasenna.cz\/wp-content\/uploads\/2021\/04\/Sdeleni-ochrana-osobnich-udaju-testovani-deti-v-MS.docx\">testov\u00e1n\u00ed v M\u0160<\/a><\/li><li>rozpo\u010dty \u0161koly<ul><li><a href=\"https:\/\/skolkajasenna.cz\/wp-content\/uploads\/2021\/04\/Rozpo%C4%8Det-M%C5%A0-na-rok-2021.odt\">2021<\/a><\/li><li><a href=\"https:\/\/skolkajasenna.cz\/wp-content\/uploads\/2020\/03\/Rozpo%C4%8Det-2020-pro-obec.odt\">2020<\/a><\/li><\/ul><\/li><li>v\u00fdro\u010dn\u00ed zpr\u00e1va<ul><li><a href=\"https:\/\/skolkajasenna.cz\/wp-content\/uploads\/2021\/08\/Vyrocni-zprava-za-rok-2020-o-poskytovani-informaci.docx\">2020<\/a><\/li><\/ul><\/li><li>organizace \u0161koln\u00edho roku<ul><li><a href=\"https:\/\/skolkajasenna.cz\/wp-content\/uploads\/2025\/09\/Organizace_skolniho_roku_2025_2026_MS_Jasenna.pdf\">2025\/2026<\/a><\/li><li><a href=\"https:\/\/skolkajasenna.cz\/wp-content\/uploads\/2023\/08\/2023-2024.docx\" data-type=\"URL\" data-id=\"https:\/\/skolkajasenna.cz\/wp-content\/uploads\/2023\/08\/2023-2024.docx\">2023\/2024<\/a><\/li><li><a href=\"https:\/\/skolkajasenna.cz\/wp-content\/uploads\/2022\/08\/2022-2023.pdf\">2022\/2023<\/a><\/li><li><a href=\"https:\/\/skolkajasenna.cz\/wp-content\/uploads\/2021\/09\/Materska-skola-Jasenna-organizace-skolniho-roku-2021-2022.docx\">2021\/2022<\/a><\/li><\/ul><\/li><\/ul>\n\n\n\n<ul><li><a href=\"https:\/\/skolkajasenna.cz\/wp-content\/uploads\/2018\/05\/GBDR-na-web.odt\">sd\u011blen\u00ed o ochran\u011b osobn\u00edch \u00fadaj\u016f<\/a><\/li><li>COVID<\/li><\/ul>\n\n\n\n<div class=\"wp-block-file\"><a href=\"https:\/\/skolkajasenna.cz\/wp-content\/uploads\/2025\/09\/Smernice-Materska-skola-Jasenna-skolni-rad-2025-2026.docx\">\u0160koln\u00ed \u0159\u00e1d 2025-2026<\/a><a href=\"https:\/\/skolkajasenna.cz\/wp-content\/uploads\/2025\/09\/Smernice-Materska-skola-Jasenna-skolni-rad-2025-2026.docx\" class=\"wp-block-file__button\" download>St\u00e1hnout<\/a><\/div>\n\n\n\n<div class=\"wp-block-file\"><a href=\"https:\/\/skolkajasenna.cz\/wp-content\/uploads\/2025\/09\/SVP-2025-2026.docx\">\u0160koln\u00ed vzd\u011bl\u00e1vac\u00ed program 2025-2026<\/a><a href=\"https:\/\/skolkajasenna.cz\/wp-content\/uploads\/2025\/09\/SVP-2025-2026.docx\" class=\"wp-block-file__button\" download>St\u00e1hnout<\/a><\/div>\n\n\n\n<p><\/p>\n","protected":false},"excerpt":{"rendered":"<p>Seznam dokument\u016f ke sta\u017een\u00ed: z\u00e1pis d\u011bt\u00ed do M\u0160 2024\/2025 2023\/2024 2022\/2023 2021\/2022 matri\u010dn\u00ed list testov\u00e1n\u00ed v M\u0160 rozpo\u010dty \u0161koly 2021 2020 v\u00fdro\u010dn\u00ed zpr\u00e1va 2020 organizace \u0161koln\u00edho roku 2025\/2026 2023\/2024 2022\/2023 2021\/2022 sd\u011blen\u00ed o ochran\u011b osobn\u00edch \u00fadaj\u016f COVID<\/p>\n","protected":false},"author":1,"featured_media":0,"parent":0,"menu_order":0,"comment_status":"closed","ping_status":"closed","template":"","meta":[],"_links":{"self":[{"href":"https:\/\/skolkajasenna.cz\/index.php?rest_route=\/wp\/v2\/pages\/1271"}],"collection":[{"href":"https:\/\/skolkajasenna.cz\/index.php?rest_route=\/wp\/v2\/pages"}],"about":[{"href":"https:\/\/skolkajasenna.cz\/index.php?rest_route=\/wp\/v2\/types\/page"}],"author":[{"embeddable":true,"href":"https:\/\/skolkajasenna.cz\/index.php?rest_route=\/wp\/v2\/users\/1"}],"replies":[{"embeddable":true,"href":"https:\/\/skolkajasenna.cz\/index.php?rest_route=%2Fwp%2Fv2%2Fcomments&post=1271"}],"version-history":[{"count":38,"href":"https:\/\/skolkajasenna.cz\/index.php?rest_route=\/wp\/v2\/pages\/1271\/revisions"}],"predecessor-version":[{"id":12294,"href":"https:\/\/skolkajasenna.cz\/index.php?rest_route=\/wp\/v2\/pages\/1271\/revisions\/12294"}],"wp:attachment":[{"href":"https:\/\/skolkajasenna.cz\/index.php?rest_route=%2Fwp%2Fv2%2Fmedia&parent=1271"}],"curies":[{"name":"wp","href":"https:\/\/api.w.org\/{rel}","templated":true}]}}