{"id":236,"date":"2016-09-06T16:09:06","date_gmt":"2016-09-06T15:09:06","guid":{"rendered":"https:\/\/skolkajasenna.cz\/?page_id=236"},"modified":"2021-09-01T06:03:04","modified_gmt":"2021-09-01T05:03:04","slug":"akce","status":"publish","type":"page","link":"https:\/\/skolkajasenna.cz\/?page_id=236","title":{"rendered":"Akce"},"content":{"rendered":"<p><span style=\"color: #ff00ff;\">Pro p\u0159ed\u0161kol\u00e1ky : <\/span><\/p>\n<p><span style=\"color: #ff00ff;\">https:\/\/www.vesela-chaloupka.cz\/materialy\/predskolaci-bez-zapisu-149\/?fbclid=IwAR2q-ur9tPz-zqvE1mR0ixrtSEjSWEPS5KE3mlvoUsoZ6LG8Sj-A_NZ3-ls<\/span><\/p>\n<p><span style=\"color: #ff0000;\">Velikonoce :\u00a0<\/span><\/p>\n<p><span style=\"color: #ff6600;\"> https:\/\/www.youtube.com\/watch?v=yJ5iI0yBX7w&amp;fbclid=IwAR0OVnceDvMPOyDOoUB-2t1Q-DO3pAv3BMPJJJrfqfIksVbsYv2XCzpjv2I<\/span><\/p>\n<p><span style=\"color: #00ff00;\">https:\/\/www.logopediesusmevem.cz\/zdarma-k-stazeni\/?fbclid=IwAR2UtrklqJZObbEMJzJqEBPupchD5UGd1Qjhr53h6Cdq94N1GDrmBkJfUCE<\/span><\/p>\n<p><span style=\"color: #00ff00;\">http:\/\/www.e-predskolaci.cz\/15-hlavni-clanky\/89-e-book-zdarma-pod-snehem?fbclid=IwAR1fIeg2ZesuQEtuGIgb-nH3ROZYCu1LOnSM09EwSNr3eSdz7TjkrB8XbgM<\/span><\/p>\n<p><iframe loading=\"lazy\" title=\"DOM\u00c1C\u00cd \u0160KOLKA - cvi\u010den\u00ed a relaxace\" width=\"625\" height=\"352\" src=\"https:\/\/www.youtube.com\/embed\/ZcF7mAHJ4z0?feature=oembed\" frameborder=\"0\" allow=\"accelerometer; autoplay; clipboard-write; encrypted-media; gyroscope; picture-in-picture; web-share\" referrerpolicy=\"strict-origin-when-cross-origin\" allowfullscreen><\/iframe><\/p>\n<h1><\/h1>\n","protected":false},"excerpt":{"rendered":"<p>Pro p\u0159ed\u0161kol\u00e1ky : https:\/\/www.vesela-chaloupka.cz\/materialy\/predskolaci-bez-zapisu-149\/?fbclid=IwAR2q-ur9tPz-zqvE1mR0ixrtSEjSWEPS5KE3mlvoUsoZ6LG8Sj-A_NZ3-ls Velikonoce :\u00a0 https:\/\/www.youtube.com\/watch?v=yJ5iI0yBX7w&amp;fbclid=IwAR0OVnceDvMPOyDOoUB-2t1Q-DO3pAv3BMPJJJrfqfIksVbsYv2XCzpjv2I https:\/\/www.logopediesusmevem.cz\/zdarma-k-stazeni\/?fbclid=IwAR2UtrklqJZObbEMJzJqEBPupchD5UGd1Qjhr53h6Cdq94N1GDrmBkJfUCE http:\/\/www.e-predskolaci.cz\/15-hlavni-clanky\/89-e-book-zdarma-pod-snehem?fbclid=IwAR1fIeg2ZesuQEtuGIgb-nH3ROZYCu1LOnSM09EwSNr3eSdz7TjkrB8XbgM<\/p>\n","protected":false},"author":1,"featured_media":0,"parent":13,"menu_order":0,"comment_status":"closed","ping_status":"closed","template":"","meta":[],"_links":{"self":[{"href":"https:\/\/skolkajasenna.cz\/index.php?rest_route=\/wp\/v2\/pages\/236"}],"collection":[{"href":"https:\/\/skolkajasenna.cz\/index.php?rest_route=\/wp\/v2\/pages"}],"about":[{"href":"https:\/\/skolkajasenna.cz\/index.php?rest_route=\/wp\/v2\/types\/page"}],"author":[{"embeddable":true,"href":"https:\/\/skolkajasenna.cz\/index.php?rest_route=\/wp\/v2\/users\/1"}],"replies":[{"embeddable":true,"href":"https:\/\/skolkajasenna.cz\/index.php?rest_route=%2Fwp%2Fv2%2Fcomments&post=236"}],"version-history":[{"count":95,"href":"https:\/\/skolkajasenna.cz\/index.php?rest_route=\/wp\/v2\/pages\/236\/revisions"}],"predecessor-version":[{"id":1358,"href":"https:\/\/skolkajasenna.cz\/index.php?rest_route=\/wp\/v2\/pages\/236\/revisions\/1358"}],"up":[{"embeddable":true,"href":"https:\/\/skolkajasenna.cz\/index.php?rest_route=\/wp\/v2\/pages\/13"}],"wp:attachment":[{"href":"https:\/\/skolkajasenna.cz\/index.php?rest_route=%2Fwp%2Fv2%2Fmedia&parent=236"}],"curies":[{"name":"wp","href":"https:\/\/api.w.org\/{rel}","templated":true}]}}