{"id":25,"date":"2016-08-22T20:20:53","date_gmt":"2016-08-22T19:20:53","guid":{"rendered":"https:\/\/skolkajasenna.cz\/?page_id=25"},"modified":"2026-04-12T22:01:00","modified_gmt":"2026-04-12T21:01:00","slug":"platby","status":"publish","type":"page","link":"https:\/\/skolkajasenna.cz\/?page_id=25","title":{"rendered":"Stravn\u00e9 a \u0161koln\u00e9"},"content":{"rendered":"<h1>\u00daPLATA za vzd\u011bl\u00e1n\u00ed<\/h1>\n<p>Pros\u00edme rodi\u010de, kte\u0159\u00ed nemaj\u00ed nastaven\u00e9 inkaso, aby provedli \u00fahradu \u00faplaty za vzd\u011bl\u00e1v\u00e1n\u00ed v uveden\u00e9m term\u00ednu.<\/p>\n<p data-start=\"139\" data-end=\"196\"><strong data-start=\"139\" data-end=\"161\">Term\u00edn splatnosti:<\/strong><br data-start=\"161\" data-end=\"164\" \/>\u00a0v\u017edy do <strong>15. dne<\/strong> dan\u00e9ho m\u011bs\u00edce<\/p>\n<p data-start=\"198\" data-end=\"250\"><strong data-start=\"198\" data-end=\"217\">Platebn\u00ed \u00fadaje:<\/strong><br data-start=\"217\" data-end=\"220\" \/>\u010c\u00edslo \u00fa\u010dtu: <strong data-start=\"232\" data-end=\"250\">181714634\/0300<\/strong><\/p>\n<p data-start=\"252\" data-end=\"286\"><strong data-start=\"252\" data-end=\"284\">D\u016fle\u017eit\u00e9 informace k platb\u011b:<\/strong><\/p>\n<ul data-start=\"287\" data-end=\"389\">\n<li data-section-id=\"1yw4omw\" data-start=\"287\" data-end=\"349\">do zpr\u00e1vy pro p\u0159\u00edjemce uve\u010fte <strong data-start=\"319\" data-end=\"347\">variabiln\u00ed symbol d\u00edt\u011bte<\/strong><\/li>\n<li data-section-id=\"7xl6ab\" data-start=\"350\" data-end=\"389\">pros\u00edme o <strong data-start=\"362\" data-end=\"389\">dodr\u017een\u00ed term\u00ednu platby<\/strong><\/li>\n<\/ul>\n<p data-start=\"391\" data-end=\"430\" data-is-last-node=\"\" data-is-only-node=\"\">D\u011bkujeme za spolupr\u00e1ci a v\u010dasn\u00e9 \u00fahrady<\/p>\n\n\n<div class=\"wp-block-group is-layout-constrained\"><div class=\"wp-block-group__inner-container\"><\/div><\/div>\n","protected":false},"excerpt":{"rendered":"<p>\u00daPLATA za vzd\u011bl\u00e1n\u00ed Pros\u00edme rodi\u010de, kte\u0159\u00ed nemaj\u00ed nastaven\u00e9 inkaso, aby provedli \u00fahradu \u00faplaty za vzd\u011bl\u00e1v\u00e1n\u00ed v uveden\u00e9m term\u00ednu. Term\u00edn splatnosti:\u00a0v\u017edy do 15. dne dan\u00e9ho m\u011bs\u00edce Platebn\u00ed \u00fadaje:\u010c\u00edslo \u00fa\u010dtu: 181714634\/0300 D\u016fle\u017eit\u00e9 informace k platb\u011b: do zpr\u00e1vy pro p\u0159\u00edjemce uve\u010fte variabiln\u00ed symbol d\u00edt\u011bte pros\u00edme o dodr\u017een\u00ed term\u00ednu platby D\u011bkujeme za spolupr\u00e1ci a v\u010dasn\u00e9 \u00fahrady<\/p>\n","protected":false},"author":1,"featured_media":0,"parent":0,"menu_order":0,"comment_status":"closed","ping_status":"closed","template":"","meta":[],"_links":{"self":[{"href":"https:\/\/skolkajasenna.cz\/index.php?rest_route=\/wp\/v2\/pages\/25"}],"collection":[{"href":"https:\/\/skolkajasenna.cz\/index.php?rest_route=\/wp\/v2\/pages"}],"about":[{"href":"https:\/\/skolkajasenna.cz\/index.php?rest_route=\/wp\/v2\/types\/page"}],"author":[{"embeddable":true,"href":"https:\/\/skolkajasenna.cz\/index.php?rest_route=\/wp\/v2\/users\/1"}],"replies":[{"embeddable":true,"href":"https:\/\/skolkajasenna.cz\/index.php?rest_route=%2Fwp%2Fv2%2Fcomments&post=25"}],"version-history":[{"count":131,"href":"https:\/\/skolkajasenna.cz\/index.php?rest_route=\/wp\/v2\/pages\/25\/revisions"}],"predecessor-version":[{"id":22324,"href":"https:\/\/skolkajasenna.cz\/index.php?rest_route=\/wp\/v2\/pages\/25\/revisions\/22324"}],"wp:attachment":[{"href":"https:\/\/skolkajasenna.cz\/index.php?rest_route=%2Fwp%2Fv2%2Fmedia&parent=25"}],"curies":[{"name":"wp","href":"https:\/\/api.w.org\/{rel}","templated":true}]}}